(-9 - (-9 - -6)).
-1
-2 - (-8 - 2) - 5
3
What is the value of (-3 - 3) + (-1 - -1) - -1?
-5
Evaluate -3 + -2 + 13 + 0 + -3.
5
Evaluate -6 + 6 + -3 + 2 + -3.
-4
Evaluate -3 - -2 - (8 + -6).
-3
What is 5 + (-2 - 6) - (-22 + 18)?
1
(24 - 18) + (-10 - 0)
-4
Calculate 0 + -2 + -3 + 6 + 7.
8
Calculate (16 - 3) + -6 - 6 - -8.
9
Evaluate 6 - 4 - 0 - 0.
2
Calculate 4 - (2 - -11 - 4).
-5
6 - ((-6 - -7) + 6 + 4)
-5
What is 0 - (2 - (4 - 6))?
-4
Evaluate 3 + (1 - (-4 - (-3 + 0))).
5
Evaluate 14 + -12 + -6 + -3.
-7
What is (-2 - 1 - -2) + -2 + 5?
2
0 - (6 - (-3 - -13))
4
Evaluate 17 + -19 + (-1 - 1).
-4
(-88 - -84) + 6 + 1
3
4 - (-6 + 11 + -8 + 3)
4
4 - 3 - (3 + 1 - 0)
-3
What is the value of 0 - ((3 - -2) + 2 + -5)?
-2
Calculate 0 - (-5 + 5) - (-3 + -2).
5
Evaluate 6 + 1 + 3 + -6 + -2.
2
Calculate (0 - 5) + (10 - 6 - -2).
1
Evaluate 5 - 2 - 4 - -2.
1
What is (-17 - -18) + -3 + 3 + -5?
-4
What is the value of (14 - 3) + -18 + (1 - 0)?
-6
Evaluate (-5 - (4 - 6)) + 2.
-1
What is the value of 6 - (0 - -2) - 2?
2
(4 - -7) + -11 - (-2 - -7)
-5
What is the value of 0 + -3 + 6 + -4?
-1
Calculate (-4 - 3) + 6 + (-1 - 2).
-4
What is -1 - -5 - (-8 - -10)?
2
1 + 3 - (-9 + 12) - -3
4
What is -44 + 42 - (-7 - (-2 + 2))?
5
What is the value of 2 + (-7 - 0) + 5?
0
Calculate 0 - 3 - (4 + -5 - 1).
-1
-2 + 10 + (56 - 58)
6
What is (12 - (5 - -1)) + -1 + -6?
-1
Evaluate (0 - (1 - 1)) + -1 + -3.
-4
Evaluate -1 + (8 - (-2 - (-2 + -2))).
5
Evaluate 6 - (1 + 1) - (5 - 2).
1
What is the value of (5 - (1 + 3)) + -5?
-4
What is the value of (4 - 8 - 0) + 0?
-4
(-6 - (-14 + 7)) + -9
-8
Evaluate 4 + (0 + 5 - 2 - 1).
6
What is (-12 - 4 - -10) + 3?
-3
Calculate 4 - (-3 - -1 - -3) - 1.
2
Evaluate 1 + -2 + (-1 - 3).
-5
4 + -13 - -4 - (3 + -3)
-5
What is 6 + -2 + -4 - -4?
4
What is the value of (-4 - -9) + (-9 - -3) + 1?
0
What is 0 + (-1 - -2) + -7?
-6
What is the value of 8 - (-2 - 2) - 7?
5
What is -7 + 8 + -1 + 4?
4
What is -15 + 20 - (3 - (-2 - -1))?
1
3 - ((-1 - 9) + 8 + -1)
6
What is the value of -2 - 6 - (15 + -17)?
-6
What is (6 - (2 + 2)) + (5 - 10)?
-3
Evaluate -1 + (3 - 2) + -5.
-5
What is 12 - 8 - -7 - 5?
6
Evaluate 1 - (5 - -5) - -4.
-5
Evaluate -3 - (-1 - (7 - 3)).
2
2 - ((-3 - -5) + (3 - 7))
4
Calculate (58 - 61) + 1 + 0.
-2
What is the value of -12 + (-11 - -21) - (1 - 6)?
3
What is 10 + -5 + (-22 - -12)?
-5
Calculate -12 + (5 - (-5 - -2) - 5).
-9
Evaluate (-2 - -3 - 0) + -1 - 4.
-4
Calculate -2 - (-7 - -2 - 1).
4
-82 + 91 - (1 - -8)
0
Evaluate (-1 - 1) + 1 - (-8 - -4).
3
Evaluate (1 - (1 + -1)) + 7 + -10.
-2
-1 + 0 - (-2 + (-6 - 3))
10
What is the value of 7 - 16 - (0 - (7 - 4))?
-6
(0 - 0) + -2 + 30 + -27
1
What is (5 - -1 - 11 - -4) + 5?
4
Calculate (0 - 2) + -1 + -1 - -1.
-3
What is -4 - ((7 - 5) + -3)?
-3
What is (0 + 2 - 0) + 1 + 0?
3
(13 + -5 - 3) + -11 - -8
2
What is 5 + (-5 + -2 - -4)?
2
Calculate -10 - (-9 + -4 + 6).
-3
Evaluate 2 - (4 - (6 - (4 + -1))).
1
Calculate -6 + 9 + (2 - 6).
-1
Calculate 4 + 0 - (14 + -11).
1
Evaluate (0 - -3) + -9 + 13 + -6.
1
Calculate 5 - (2 + 7 + -1).
-3
What is (-2 + 8 - 3) + (1 - 6)?
-2
Evaluate 0 - (-3 - (-3 + 5 + -1)).
4
0 - 0 - (12 - -4 - 11)
-5
(6 - (4 - -2)) + 1 + -9
-8
12 - (0 - 4 - (3 - 10))
9
(-3 + 0 - -3) + 19 + -19
0
Evaluate 2 - (4 - 1) - (0 - 4).
3
Evaluate 3 + 1 + 2 - 3.
3
What is (0 - -1) + 21 + -19?
3
What is 13 + -17 - ((2 - 10) + -1)?
5
-12 + 7 + 6 + 2
3
-4 + 2 - (5 - (4 + -1))
-4
Calculate 9 + -3 - (7 - 0).
-1
What is -4 + 6 + -6 + -4?
-8
Evaluate (4 - 5 - -16) + -9.
6
Evaluate 4 - 11 - -1 - -4.
-2
Calculate (0 - 2) + -1 + -238 + 233.
-8
What is 3 - (-1 + 1 - (40 - 41))?
2
What is (-14 - -4) + (-3 - -5)?
-8
Evaluate -1 + (-7 - (4 + -8)).
-4
Evaluate -7 - (11 - 7 - 7) - 5.
-9
-7 - (-14 + 0 + 2)
5
-433 + 435 - (-1 - (-1 - 0))
2
(-1 - -4) + 6 + -6 - -1
4
Calculate (4 - (0 + 4)) + 0 + 1.
1
What is the value of -14 - ((1 - 21) + 12)?
-6
Calculate (-5 - 2) + (-3 - (-10 - -2)).
-2
What is 1 + -6 - (-1 - 6)?
2
What is -2 + 2 + (5 - 3 - 4)?
-2
Evaluate 1 + (5 - (12 - 3 - 5)).
2
What is the value of (139 - 146) + 0 + 11?
4
What is the value of 1 + 2 - 4 - (-5 - -7)?
-3
-4 + (6 - 2) + 5
5
-3 + -4 + (-2 - -8) + 3
2
(3 - 3) + (-8 - (2 + -6))
-4
Evaluate 0 + -1 + (-2 - -5) + 2.
4
Calculate (1 - 7) + (5 - (2 + -6)).
3
What is the value of 2 - 1 - (-9 + -2 + 4)?
8
What is 2 - (2 + (-1 - 1) + 3)?
-1
Calculate 4 + 0 - (5 + -10 - -9).
0
What is (-4 - (-10 - -5)) + -3?
-2
What is (0 - 2) + -25 + 22?
-5
-2 + 0 - (0 - 2)
0
Calculate 13 + 0 + -6 + -2 + 4.
9
What is (-3 - (3 - -1) - -6) + 4?
3
What is the value of -2 - (1 + (-1 - 0) - 0)?
-2
Evaluate 2 + (4 - 6) - (3 - 1).
-2
0 - 0 - (26 + -27)
1
What is the value of -3 + 2 - 1 - -2?
0
Evaluate 14 + -9 - (5 + -1).
1
Evaluate -6 + 3 - (-56 + 52).
1
Evaluate -9 + (7 - -6) - (1 + 0).
3
2 + -1 + 0 - -2
3
Calculate (17 - 29 - (-1 - 3)) + 3.
-5
6 - (-1 - (-7 - 0))
0
3 + -10 - (5 + -19)
7
Calculate (4 - (8 - 0)) + 2.
-2
What is the value of -3 + 0 + 1 + 2?
0
What is the value of 0 + 3 - (0 - -2 - 3)?
4
What is (-3 + -2 - (5 - 15)) + -8?
-3
-3 + -2 - -12 - (12 - 2)
-3
What is the value of (2 + 3 - (0 - -1)) + -4?
0
2 - (1 + 4) - 2
-5
Evaluate 9 + 2 + 34 + -43.
2
What is 3 + (-4 - 5) + 2?
-4
What is the value of (3 - 1) + (2 - -3) + -3?
4
Calculate -2 + 1 - -6 - (0 + 4).
1
Evaluate 5 - (3 - 4 - (-12 - 0)).
-6
-1 + 3 - 1 - 0 - 0
1
-5 + 9 + -4 + 2 + 3
5
Calculate 0 + -2 - 0 - -4 - -1.
3
Evaluate 1 + -6 + (-67 - -65).
-7
What is 1 + 3 + -7 + (5 - 5)?
-3
Calculate (-65 - -74) + (-14 - 1).
-6
What is the value of 4 - (-17 - -9) - 8?
4
What is the value of (1 - (-6 + 3)) + 6 + -6?
4
Evaluate -2 - (5 - 5) - -6.
4
Evaluate 7 + (-9 - (-7 - 1)).
6
(-2 - (-13 + 11)) + -2
-2
Evaluate (-3 - (-2 - -1)) + 0.
-2
What is 23 + -11 + 2 + -5?
9
1 - -2 - (0 - -2)
1
Evaluate 5 + -1 - (-4 - -4).
4
Evaluate -10 + (-4 - -13) + 6.
5
Calculate -1 + (9 - (-3 - -5)).
6
Calculate -5 + (2 + 6 - -5) + 1.
9
Calculate 4 + (-5 - 1) - -1.
-1
-9 + 1 + (91 - 84)
-1
What is the value of -3 + 2 + 2 + -2 - -4?
3
Calculate 3 - (2 + -1 + (-2 - -5)).
-1
Evaluate -1 + -2 - 0 - -4.
1
What is (-3 - -11) + -7 + -1 + 4?
4
Calculate (-2 - 8) + (-2 - -18).
6
What is 2 - (-3 + (4 - 3)) - -3?
7
What is (-1 - 5 - -5) + (1 - -1)?
1
What is the value of (-7 + 5 - -3) + 8?
9
-1 + 2 + 0 + (5 - 10)
-4
What is (4 - (7 - -4)) + 11 + -2?
2
Calculate -2 - (-2 - -2) - 0.
-2
2 - (7 + -10 + 6 - 6)
5
What is 9 - (-8 - -2) - (12 - 6)?
9
What is the value of (-4 - -10) + (0 - (5 + 4))?
-3
What is the value of 6 - (2 - -4 - 6)?
6
What is -1 + 6 + 0 - 3?
2
What is the value of 0 - -5 - (-43 + 48)?
0
What is the value of -4 + 1 + 1 - (-1 - 1)?
0
Evaluate (1 - -3) + (0 - 3) + -1.
0
Evaluate 11 - 7 - (2 - -5).
-3
Calculate (-3 - -6) + -14 + 4 - -3.
-4
Evaluate 3 + (-3 + -5 + 1 - -4).
0
Evaluate -3 + (-3 - -1) - -8.
3
What is the value of -2 - (-2 - (2 + -4 + -1))?
-3
Calculate (-8 - (-6 + -2)) + -6.
-6
What is the value of -1 + 0 + (-1 - 3) + 1?
-4
What is 1 + (3 - (6 - 2) - -1)?
1
Evaluate 166 + -154 + (-9 - 0).
3
Evaluate 2 + -6 - 1 - 2 - -2.
-5
-7 + 7 - 8 - -8
0
Calculate -1 - 2 - (-3 - -4).
-4
What is 18 + (-10 - 3) - 7?
-2
2 + (1 - -1) + (-3 - 3)
-2
Evaluate -4 + -1 + (-2 - (0 + -6)).
-1
Evaluate -4 - -3 - (-4 - 0).
3
Calculate 1 + 4 + (76 - 76).
5
Calculate (0 - (2 - (-3 + 4))) + -1.
-2
What is the value of -1 - ((4 - -1) + (3 - 1))?
-8
Calculate (-1 - -1) + -1 + -5 + 12.
6
Calculate -4 + (2 + -5 - -10).
3
Calculate (-10 - -5) + 1 + 8.
4
What is the value of (0 - (-3 + -1)) + -1?
3
Evaluate (-1 - 11) + -1 - -8.
-5
What is 6 - (5 + -2 - (3 - 1))?
5
What is the value of 15 - ((-3 - 3) + 29)?
-8
2 + -12 + (1 - -7)
-2
Calculate -1 - (-5 + (5 - 8 - 0)).
7
What is (-25 + 30 - 13) + (-1 - -8)?
-1
Evaluate 10 + -18 - (-3 - -1).
-6
Calculate -3 - (-3 - (4 - 0)).
4
Calculate -2 + (7 - 7) + 0 + 7.
5
Evaluate 3 - (-1 + 17 + 12 + -18).
-7
What is the value of -6 - (0 - (1 + -3 - -5))?
-3
0 - (1 + -2 - (2 + -1))
2
What is the value of 17 + -13 + 4 - 14?
-6
What is the value of -2 + -9 + 10 - 4?
-5
What is 10 + (3 - 2 - 6)?
5
1 - (2 + 1 + 0)
-2
What is -5 - 0 - (-6 + 2 + 4)?
-5
What is 2 + -4 + 1 + 18 + -21?
-4
Calculate 3 - ((-2 - 1) + 4).
2
Evaluate 1 - 3 - (218 - 215).
-5
Calculate 0 + 1 + (9 - (7 - -1)).
2
25 - 19 - ((2 - 1) + 1)
4
What is (-1 - 1 - 2) + 3 + 3?
2
Calc